 remainder when 65138 is divided by 3428?
6
What is the remainder when 8744 is divided by 118?
12
Calculate the remainder when 324330 is divided by 323.
38
What is the remainder when 5689 is divided by 414?
307
Calculate the remainder when 15464 is divided by 3054.
194
What is the remainder when 1517 is divided by 201?
110
What is the remainder when 371522 is divided by 175?
172
What is the remainder when 2030 is divided by 188?
150
Calculate the remainder when 164005 is divided by 781.
776
What is the remainder when 3158154 is divided by 986?
982
What is the remainder when 9118 is divided by 868?
438
Calculate the remainder when 11582 is divided by 187.
175
Calculate the remainder when 96715 is divided by 2149.
10
Calculate the remainder when 321430 is divided by 708.
706
Calculate the remainder when 11936 is divided by 182.
106
What is the remainder when 22336 is divided by 171?
106
What is the remainder when 293557 is divided by 7?
5
What is the remainder when 44755 is divided by 20?
15
What is the remainder when 5957 is divided by 83?
64
What is the remainder when 319 is divided by 14?
11
What is the remainder when 2079 is divided by 9?
0
What is the remainder when 18919 is divided by 105?
19
What is the remainder when 130347 is divided by 66?
63
What is the remainder when 228048 is divided by 217?
198
What is the remainder when 1984 is divided by 385?
59
Calculate the remainder when 3035 is divided by 98.
95
What is the remainder when 37464 is divided by 37?
20
Calculate the remainder when 173481 is divided by 18.
15
What is the remainder when 183944 is divided by 439?
3
Calculate the remainder when 16285 is divided by 1718.
823
What is the remainder when 189088 is divided by 110?
108
What is the remainder when 30592 is divided by 26?
16
What is the remainder when 43594 is divided by 10883?
62
What is the remainder when 972 is divided by 84?
48
What is the remainder when 5048 is divided by 1382?
902
What is the remainder when 8063 is divided by 539?
517
What is the remainder when 84572 is divided by 84566?
6
What is the remainder when 188996 is divided by 461?
447
What is the remainder when 14570 is divided by 4455?
1205
Calculate the remainder when 731847 is divided by 615.
612
Calculate the remainder when 2257 is divided by 281.
9
Calculate the remainder when 17069 is divided by 438.
425
What is the remainder when 1506 is divided by 10?
6
What is the remainder when 6106460 is divided by 1008?
1004
Calculate the remainder when 58195 is divided by 14.
11
What is the remainder when 162270 is divided by 32?
30
What is the remainder when 1454 is divided by 107?
63
Calculate the remainder when 1286 is divided by 25.
11
What is the remainder when 2702 is divided by 1113?
476
What is the remainder when 36661 is divided by 71?
25
What is the remainder when 658498 is divided by 10289?
2
Calculate the remainder when 2859 is divided by 600.
459
Calculate the remainder when 62796 is divided by 937.
17
Calculate the remainder when 109068 is divided by 90.
78
What is the remainder when 190238 is divided by 191?
2
Calculate the remainder when 1256 is divided by 916.
340
Calculate the remainder when 36620 is divided by 18261.
98
What is the remainder when 18796 is divided by 183?
130
Calculate the remainder when 2290 is divided by 115.
105
Calculate the remainder when 20208 is divided by 41.
36
Calculate the remainder when 2929 is divided by 66.
25
Calculate the remainder when 31421 is divided by 15.
11
What is the remainder when 7041 is divided by 59?
20
Calculate the remainder when 58452 is divided by 252.
240
Calculate the remainder when 236551 is divided by 47308.
11
What is the remainder when 138005 is divided by 53?
46
What is the remainder when 32652 is divided by 13?
9
What is the remainder when 12303 is divided by 72?
63
What is the remainder when 788 is divided by 383?
22
What is the remainder when 24067 is divided by 213?
211
What is the remainder when 8234 is divided by 1646?
4
Calculate the remainder when 3031 is divided by 103.
44
Calculate the remainder when 1373 is divided by 25.
23
What is the remainder when 12936 is divided by 13?
1
Calculate the remainder when 30816 is divided by 23.
19
Calculate the remainder when 56880 is divided by 509.
381
What is the remainder when 25525 is divided by 300?
25
Calculate the remainder when 5549 is divided by 120.
29
Calculate the remainder when 3656 is divided by 1054.
494
What is the remainder when 5620 is divided by 46?
8
Calculate the remainder when 1617 is divided by 32.
17
Calculate the remainder when 25361 is divided by 6325.
61
What is the remainder when 6791 is divided by 2?
1
What is the remainder when 3172 is divided by 116?
40
Calculate the remainder when 17917 is divided by 943.
0
What is the remainder when 326859 is divided by 590?
589
What is the remainder when 350168 is divided by 175078?
12
What is the remainder when 30299 is divided by 35?
24
Calculate the remainder when 4532 is divided by 348.
8
What is the remainder when 1646234 is divided by 66?
62
What is the remainder when 15438 is divided by 3856?
14
What is the remainder when 10254 is divided by 931?
13
Calculate the remainder when 10595 is divided by 7.
4
Calculate the remainder when 46587 is divided by 5.
2
Calculate the remainder when 1505 is divided by 32.
1
Calculate the remainder when 45878 is divided by 2831.
582
What is the remainder when 131325 is divided by 576?
573
What is the remainder when 267456 is divided by 360?
336
What is the remainder when 843 is divided by 18?
15
What is the remainder when 26700 is divided by 417?
12
What is the remainder when 23232 is divided by 7700?
132
What is the remainder when 16247 is divided by 387?
380
What is the remainder when 113752 is divided by 16250?
2
What is the remainder when 30777 is divided by 6153?
12
Calculate the remainder when 14086 is divided by 764.
334
Calculate the remainder when 1888 is divided by 11.
7
Calculate the remainder when 1079 is divided by 108.
107
Calculate the remainder when 126446 is divided by 1345.
16
What is the remainder when 3053 is divided by 153?
146
Calculate the remainder when 23124 is divided by 7707.
3
Calculate the remainder when 1263 is divided by 819.
444
Calculate the remainder when 3011 is divided by 60.
11
What is the remainder when 456443 is divided by 9?
8
What is the remainder when 115565 is divided by 31?
28
Calculate the remainder when 37436 is divided by 12457.
65
Calculate the remainder when 35172 is divided by 11709.
45
What is the remainder when 18163 is divided by 66?
13
What is the remainder when 2409 is divided by 973?
463
What is the remainder when 2121 is divided by 268?
245
Calculate the remainder when 92345 is divided by 1925.
1870
What is the remainder when 55450 is divided by 7921?
3
Calculate the remainder when 1405051 is divided by 468350.
1
What is the remainder when 60740 is divided by 3196?
16
Calculate the remainder when 10515 is divided by 166.
57
Calculate the remainder when 1112828 is divided by 1112814.
14
Calculate the remainder when 57851 is divided by 238.
17
What is the remainder when 28365 is divided by 644?
29
What is the remainder when 530705 is divided by 146?
141
Calculate the remainder when 7849 is divided by 412.
21
What is the remainder when 67038 is divided by 427?
426
Calculate the remainder when 1882972 is divided by 182.
0
What is the remainder when 8890 is divided by 931?
511
What is the remainder when 1235113 is divided by 9?
7
Calculate the remainder when 10621 is divided by 1678.
553
Calculate the remainder when 67357 is divided by 22449.
10
Calculate the remainder when 20124 is divided by 29.
27
What is the remainder when 155210 is divided by 159?
26
What is the remainder when 5913 is divided by 375?
288
Calculate the remainder when 139075 is divided by 305.
300
What is the remainder when 5414 is divided by 36?
14
What is the remainder when 45319 is divided by 4117?
32
Calculate the remainder when 190782 is divided by 115.
112
Calculate the remainder when 5257 is divided by 6.
1
What is the remainder when 1071 is divided by 785?
286
Calculate the remainder when 67061 is divided by 15.
11
What is the remainder when 603 is divided by 121?
119
Calculate the remainder when 6732 is